{"id":204,"date":"2017-03-02T19:20:54","date_gmt":"2017-03-02T19:20:54","guid":{"rendered":"http:\/\/www.cenlab.com.pl\/?page_id=204"},"modified":"2022-10-13T14:26:06","modified_gmt":"2022-10-13T14:26:06","slug":"trudne-pobrania","status":"publish","type":"page","link":"https:\/\/www.cenlab.com.pl\/?page_id=204","title":{"rendered":"TRUDNE POBRANIA"},"content":{"rendered":"<p><img loading=\"lazy\" decoding=\"async\" class=\"alignnone\" alt=\"\" src=\"\/wordpress\/wp-content\/uploads\/Pobranie1000x628.jpg\" width=\"365\" height=\"230\" \/><\/p>\n<p>W Centralnym Laboratorium Analitycznym w Gliwicach pobieramy krew od pacjent\u00f3w w ka\u017cdym wieku, w tym u os\u00f3b z tzw. &#8220;trudnymi&#8221; \u017cy\u0142ami. W ci\u0105gu roku pobieramy krew u ok. 1000 noworodk\u00f3w i niemowl\u0105t, i u ponad 2000 pacjent\u00f3w powy\u017cej 80 roku \u017cycia. Nasz personel nale\u017cy do najlepszych w dziedzinie tzw. trudnych pobra\u0144.<\/p>\n<p>&nbsp;<\/p>\n","protected":false},"excerpt":{"rendered":"<p>W Centralnym Laboratorium Analitycznym w Gliwicach pobieramy krew od pacjent\u00f3w w ka\u017cdym wieku, w tym u os\u00f3b z tzw. &#8220;trudnymi&#8221; \u017cy\u0142ami. W ci\u0105gu roku pobieramy krew u ok. 1000 noworodk\u00f3w i niemowl\u0105t, i u ponad 2000 pacjent\u00f3w powy\u017cej 80 roku \u017cycia. Nasz personel nale\u017cy do najlepszych w dziedzinie tzw. trudnych pobra\u0144. &nbsp;<\/p>\n","protected":false},"author":1,"featured_media":0,"parent":0,"menu_order":0,"comment_status":"closed","ping_status":"closed","template":"","meta":{"footnotes":""},"class_list":["post-204","page","type-page","status-publish","hentry"],"_links":{"self":[{"href":"https:\/\/www.cenlab.com.pl\/index.php?rest_route=\/wp\/v2\/pages\/204"}],"collection":[{"href":"https:\/\/www.cenlab.com.pl\/index.php?rest_route=\/wp\/v2\/pages"}],"about":[{"href":"https:\/\/www.cenlab.com.pl\/index.php?rest_route=\/wp\/v2\/types\/page"}],"author":[{"embeddable":true,"href":"https:\/\/www.cenlab.com.pl\/index.php?rest_route=\/wp\/v2\/users\/1"}],"replies":[{"embeddable":true,"href":"https:\/\/www.cenlab.com.pl\/index.php?rest_route=%2Fwp%2Fv2%2Fcomments&post=204"}],"version-history":[{"count":15,"href":"https:\/\/www.cenlab.com.pl\/index.php?rest_route=\/wp\/v2\/pages\/204\/revisions"}],"predecessor-version":[{"id":849,"href":"https:\/\/www.cenlab.com.pl\/index.php?rest_route=\/wp\/v2\/pages\/204\/revisions\/849"}],"wp:attachment":[{"href":"https:\/\/www.cenlab.com.pl\/index.php?rest_route=%2Fwp%2Fv2%2Fmedia&parent=204"}],"curies":[{"name":"wp","href":"https:\/\/api.w.org\/{rel}","templated":true}]}}