{"id":268,"date":"2018-04-19T11:00:30","date_gmt":"2018-04-19T11:00:30","guid":{"rendered":"http:\/\/www.cenlab.com.pl\/?page_id=268"},"modified":"2018-04-19T11:04:46","modified_gmt":"2018-04-19T11:04:46","slug":"przygotowanie-pacjenta-glukoza-bialko-w-dobowej-zbiorce-noczu","status":"publish","type":"page","link":"https:\/\/www.cenlab.com.pl\/?page_id=268","title":{"rendered":"Przygotowanie pacjenta &#8211; glukoza, bia\u0142ko w dobowej zbi\u00f3rce moczu"},"content":{"rendered":"<p>Przygotowa\u0107 czysty pojemnik z nakr\u0119tk\u0105 o obj\u0119to\u015bci 2\u20133 litr\u00f3w, najlepiej z podzia\u0142k\u0105 oraz jednorazowy pojemnik z nakr\u0119tk\u0105 o pojemno\u015bci 50\u2013100 ml (dost\u0119pne w aptece).<\/p>\n<p>W dniu poprzedzaj\u0105cym badanie oraz w dniu badania nale\u017cy unika\u0107 znacznego wysi\u0142ku fizycznego.<\/p>\n<p>Nie przeprowadza\u0107 dobowej zbi\u00f3rki moczu podczas, i w ci\u0105gu 3 dni po zako\u0144czeniu miesi\u0105czki.<\/p>\n<p>Pozosta\u0142e, szczeg\u00f3\u0142owe zalecenia dotycz\u0105ce przygotowania si\u0119 do badania nale\u017cy ustali\u0107 indywidualnie z lekarzem.<\/p>\n<p><b><span style=\"text-decoration: underline;\">Pobranie pr\u00f3bki moczu<\/span><\/b><\/p>\n<p><b>I dzie\u0144<\/b> \u00a0\u00a0 \u2013 rano, po wstaniu np. godz.6<sup>00<\/sup>\u00a0 pierwsz\u0105 porcj\u0119 moczu odda\u0107 do toalety<\/p>\n<p>\u2013 zapisa\u0107 czas oddania pierwszej porcji moczu<\/p>\n<p>\u2013 wszystkie nast\u0119pne porcje moczu oddawa\u0107 do przygotowanego pojemnika<\/p>\n<p><b>Pojemnik, przez ca\u0142y okres zbi\u00f3rki przechowywa\u0107 w ch\u0142odnym, zacienionym miejscu<\/b><\/p>\n<p>&nbsp;<\/p>\n<p><b>II dzie\u0144<\/b>\u00a0 \u2013 rano o godz. 6<sup>00<\/sup>\u00a0 do naczynia odda\u0107 tylko pierwsz\u0105 porcj\u0119 moczu po przerwie nocnej<\/p>\n<p><b>\u00a0<\/b>\u2013 zapisa\u0107 czas oddania ostatniej porcji moczu<\/p>\n<p>\u2013 zmierzy\u0107 obj\u0119to\u015b\u0107 moczu w pojemniku<\/p>\n<p>\u2013 mocz dok\u0142adnie wymiesza\u0107, a nast\u0119pnie odla\u0107 ok. 50\u2013100 ml do jednorazowego pojemnika na badanie og\u00f3lne<\/p>\n<p>\u2013 pojemnik opisa\u0107: <span style=\"text-decoration: underline;\">imi\u0119, nazwisko, obj\u0119to\u015b\u0107 moczu, dok\u0142adny czas rozpocz\u0119cia i zako\u0144czenia<\/span><span style=\"text-decoration: underline;\">zbi\u00f3rki<\/span><\/p>\n<p>&nbsp;<\/p>\n<p>Mocz dostarczy\u0107 do laboratorium tak szybko, jak to mo\u017cliwe (do chwili dostarczenia <b>przechowywa\u0107 <\/b>w ch\u0142odnym, zacienionym miejscu, najlepiej <b>w temp. lod\u00f3wki 2-8<sup>0 <\/sup>C<\/b>)<\/p>\n","protected":false},"excerpt":{"rendered":"<p>Przygotowa\u0107 czysty pojemnik z nakr\u0119tk\u0105 o obj\u0119to\u015bci 2\u20133 litr\u00f3w, najlepiej z podzia\u0142k\u0105 oraz jednorazowy pojemnik z nakr\u0119tk\u0105 o pojemno\u015bci 50\u2013100 ml (dost\u0119pne w aptece). W dniu poprzedzaj\u0105cym badanie oraz w dniu badania nale\u017cy unika\u0107 znacznego wysi\u0142ku fizycznego. Nie przeprowadza\u0107 dobowej zbi\u00f3rki moczu podczas, i w ci\u0105gu 3 dni po zako\u0144czeniu miesi\u0105czki. Pozosta\u0142e, szczeg\u00f3\u0142owe zalecenia dotycz\u0105ce [&hellip;]<\/p>\n","protected":false},"author":1,"featured_media":0,"parent":0,"menu_order":0,"comment_status":"closed","ping_status":"closed","template":"","meta":{"footnotes":""},"class_list":["post-268","page","type-page","status-publish","hentry"],"_links":{"self":[{"href":"https:\/\/www.cenlab.com.pl\/index.php?rest_route=\/wp\/v2\/pages\/268"}],"collection":[{"href":"https:\/\/www.cenlab.com.pl\/index.php?rest_route=\/wp\/v2\/pages"}],"about":[{"href":"https:\/\/www.cenlab.com.pl\/index.php?rest_route=\/wp\/v2\/types\/page"}],"author":[{"embeddable":true,"href":"https:\/\/www.cenlab.com.pl\/index.php?rest_route=\/wp\/v2\/users\/1"}],"replies":[{"embeddable":true,"href":"https:\/\/www.cenlab.com.pl\/index.php?rest_route=%2Fwp%2Fv2%2Fcomments&post=268"}],"version-history":[{"count":6,"href":"https:\/\/www.cenlab.com.pl\/index.php?rest_route=\/wp\/v2\/pages\/268\/revisions"}],"predecessor-version":[{"id":275,"href":"https:\/\/www.cenlab.com.pl\/index.php?rest_route=\/wp\/v2\/pages\/268\/revisions\/275"}],"wp:attachment":[{"href":"https:\/\/www.cenlab.com.pl\/index.php?rest_route=%2Fwp%2Fv2%2Fmedia&parent=268"}],"curies":[{"name":"wp","href":"https:\/\/api.w.org\/{rel}","templated":true}]}}