{"id":62,"date":"2014-02-25T15:05:17","date_gmt":"2014-02-25T15:05:17","guid":{"rendered":"http:\/\/www.cenlab.com.pl\/wordpress\/?page_id=62"},"modified":"2024-04-24T18:59:42","modified_gmt":"2024-04-24T18:59:42","slug":"odbior-wynikow","status":"publish","type":"page","link":"https:\/\/www.cenlab.com.pl\/?page_id=62","title":{"rendered":"ODBI\u00d3R WYNIK\u00d3W"},"content":{"rendered":"<ol>\n<li>\n<p align=\"justify\"><span style=\"font-family: Calibri, sans-serif;\"><span style=\"font-size: small;\"><span style=\"color: #666666;\"><span style=\"font-family: Arial, sans-serif;\"><span style=\"font-size: small;\">Wyniki bada\u0144 odbierane <\/span><\/span><\/span><span style=\"color: #666666;\"><span style=\"font-family: Arial, sans-serif;\"><span style=\"font-size: small;\"><span style=\"text-decoration: underline;\">osobi\u015bcie<\/span><\/span><\/span><\/span><span style=\"color: #666666;\"><span style=\"font-family: Arial, sans-serif;\"><span style=\"font-size: small;\"> \u2013<\/span><\/span><\/span><span style=\"color: #666666;\"><span style=\"font-family: Arial, sans-serif;\"><span style=\"font-size: small;\"> wydawane s\u0105 na podstawie <\/span><\/span><\/span><span style=\"color: #666666;\"><span style=\"font-family: Arial, sans-serif;\"><span style=\"font-size: small;\"><span style=\"text-decoration: underline;\">dokumentu potwierdzaj\u0105cego<\/span><\/span><\/span><\/span><span style=\"color: #666666;\"><span style=\"font-family: Arial, sans-serif;\"><span style=\"font-size: small;\"> przyj\u0119cie zlecenia na wykonanie bada\u0144, kt\u00f3ry pacjent otrzymuje podczas rejestracji (patrz poni\u017cej) oraz\u00a0<\/span><\/span><\/span><span style=\"color: #666666;\"><span style=\"font-family: Arial, sans-serif;\"><span style=\"font-size: small;\"><span style=\"text-decoration: underline;\">dokumentu to\u017csamo\u015bci<\/span><\/span><\/span><\/span><span style=\"color: #666666;\"><span style=\"font-family: Arial, sans-serif;\"><span style=\"font-size: small;\">. <\/span><\/span><\/span><\/span><\/span><\/p>\n<\/li>\n<\/ol>\n<ol start=\"2\">\n<li>\n<p align=\"justify\"><span style=\"font-family: Calibri, sans-serif;\"><span style=\"font-size: small;\"><span style=\"color: #666666;\"><span style=\"font-family: Arial, sans-serif;\"><span style=\"font-size: small;\">W przypadku<\/span><\/span><\/span><span style=\"color: #666666;\"><span style=\"font-family: Arial, sans-serif;\"><span style=\"font-size: small;\">,<\/span><\/span><\/span><span style=\"color: #666666;\"><span style=\"font-family: Arial, sans-serif;\"><span style=\"font-size: small;\"> gdy odbi\u00f3r osobisty nie jest mo\u017cliwy \u2013 wyniki mog\u0105 by\u0107 wydane innej osobie pod warunkiem, \u017ce pacjent zarejestrowa\u0142 <\/span><\/span><\/span><span style=\"color: #666666;\"><span style=\"font-family: Arial, sans-serif;\"><span style=\"font-size: small;\"><span style=\"text-decoration: underline;\">upowa\u017cnienie<\/span><\/span><\/span><\/span><span style=\"color: #666666;\"><span style=\"font-family: Arial, sans-serif;\"><span style=\"font-size: small;\"> do odbioru wyniku przez inn\u0105 osob\u0119.\u00a0 <\/span><\/span><\/span><\/span><\/span><\/p>\n<\/li>\n<\/ol>\n<ol start=\"3\">\n<li>\n<p align=\"justify\"><span style=\"font-family: Calibri, sans-serif;\"><span style=\"font-size: small;\"><span style=\"color: #666666;\"><span style=\"font-family: Arial, sans-serif;\"><span style=\"font-size: small;\"><span style=\"text-decoration: underline;\">Upowa\u017cniona<\/span><\/span><\/span><\/span><span style=\"color: #666666;\"><span style=\"font-family: Arial, sans-serif;\"><span style=\"font-size: small;\"> osoba powinna zg\u0142osi\u0107 si\u0119 po odbi\u00f3r wyniku z <\/span><\/span><\/span><span style=\"color: #666666;\"><span style=\"font-family: Arial, sans-serif;\"><span style=\"font-size: small;\"><span style=\"text-decoration: underline;\">dokumentem potwierdzenia zlecenia<\/span><\/span><\/span><\/span><span style=\"color: #666666;\"><span style=\"font-family: Arial, sans-serif;\"><span style=\"font-size: small;\"> oraz w\u0142asnym\u00a0<\/span><\/span><\/span><span style=\"color: #666666;\"><span style=\"font-family: Arial, sans-serif;\"><span style=\"font-size: small;\"><span style=\"text-decoration: underline;\">dokumentem to\u017csamo\u015bci<\/span><\/span><\/span><\/span><span style=\"color: #666666;\"><span style=\"font-family: Arial, sans-serif;\"><span style=\"font-size: small;\">.<\/span><\/span><\/span><\/span><\/span><\/p>\n<\/li>\n<li><span style=\"color: #ff0000;\"><strong>Informujemy, \u017ce za udost\u0119pnienie dokumentacji medycznej nie pobieramy \u017cadnej op\u0142aty.<\/strong><\/span><\/li>\n<\/ol>\n<p><a href=\"http:\/\/www.cenlab.com.pl\/wordpress\/wp-content\/uploads\/Potwierdzenie2024.jpg\"><img loading=\"lazy\" decoding=\"async\" class=\"alignnone size-full wp-image-1137\" alt=\"Potwierdzenie2024\" src=\"http:\/\/www.cenlab.com.pl\/wordpress\/wp-content\/uploads\/Potwierdzenie2024.jpg\" width=\"751\" height=\"394\" srcset=\"https:\/\/www.cenlab.com.pl\/wordpress\/wp-content\/uploads\/Potwierdzenie2024.jpg 751w, https:\/\/www.cenlab.com.pl\/wordpress\/wp-content\/uploads\/Potwierdzenie2024-300x157.jpg 300w\" sizes=\"(max-width: 751px) 100vw, 751px\" \/><\/a><\/p>\n","protected":false},"excerpt":{"rendered":"<p>Wyniki bada\u0144 odbierane osobi\u015bcie \u2013 wydawane s\u0105 na podstawie dokumentu potwierdzaj\u0105cego przyj\u0119cie zlecenia na wykonanie bada\u0144, kt\u00f3ry pacjent otrzymuje podczas rejestracji (patrz poni\u017cej) oraz\u00a0dokumentu to\u017csamo\u015bci. W przypadku, gdy odbi\u00f3r osobisty nie jest mo\u017cliwy \u2013 wyniki mog\u0105 by\u0107 wydane innej osobie pod warunkiem, \u017ce pacjent zarejestrowa\u0142 upowa\u017cnienie do odbioru wyniku przez inn\u0105 osob\u0119.\u00a0 Upowa\u017cniona osoba powinna [&hellip;]<\/p>\n","protected":false},"author":1,"featured_media":0,"parent":0,"menu_order":0,"comment_status":"closed","ping_status":"closed","template":"","meta":{"footnotes":""},"class_list":["post-62","page","type-page","status-publish","hentry"],"_links":{"self":[{"href":"https:\/\/www.cenlab.com.pl\/index.php?rest_route=\/wp\/v2\/pages\/62"}],"collection":[{"href":"https:\/\/www.cenlab.com.pl\/index.php?rest_route=\/wp\/v2\/pages"}],"about":[{"href":"https:\/\/www.cenlab.com.pl\/index.php?rest_route=\/wp\/v2\/types\/page"}],"author":[{"embeddable":true,"href":"https:\/\/www.cenlab.com.pl\/index.php?rest_route=\/wp\/v2\/users\/1"}],"replies":[{"embeddable":true,"href":"https:\/\/www.cenlab.com.pl\/index.php?rest_route=%2Fwp%2Fv2%2Fcomments&post=62"}],"version-history":[{"count":14,"href":"https:\/\/www.cenlab.com.pl\/index.php?rest_route=\/wp\/v2\/pages\/62\/revisions"}],"predecessor-version":[{"id":1138,"href":"https:\/\/www.cenlab.com.pl\/index.php?rest_route=\/wp\/v2\/pages\/62\/revisions\/1138"}],"wp:attachment":[{"href":"https:\/\/www.cenlab.com.pl\/index.php?rest_route=%2Fwp%2Fv2%2Fmedia&parent=62"}],"curies":[{"name":"wp","href":"https:\/\/api.w.org\/{rel}","templated":true}]}}